 2 - 14?
-12
In base 10, what is -25 - 8?
-33
In base 16, what is d - -f4?
101
In base 15, what is -17 - -16?
-1
In base 3, what is -11022020 + -2?
-11022022
In base 8, what is -3 - 122?
-125
In base 6, what is 103 + 4?
111
In base 15, what is -157 - -2?
-155
In base 5, what is 2 + -1002?
-1000
In base 14, what is 5 + 252?
257
In base 13, what is ca38 - -3?
ca3b
In base 7, what is 4 + 1234?
1241
In base 6, what is -12 - 2003?
-2015
In base 3, what is -22 - 1011220?
-1012012
In base 9, what is 6 + -6?
0
In base 16, what is 3e - 1?
3d
In base 13, what is 28 - 158?
-130
In base 13, what is -3 - -283?
280
In base 6, what is -2 - 52?
-54
In base 9, what is 1 + -1024?
-1023
In base 2, what is 10 + -100010010010?
-100010010000
In base 4, what is 102 + -323?
-221
In base 12, what is 99 + -1?
98
In base 13, what is -10 - 22?
-32
In base 11, what is 3 + -67?
-64
In base 9, what is -182 + 18?
-163
In base 13, what is -2 - -110?
10b
In base 10, what is 0 - -671?
671
In base 5, what is 10 + 103304?
103314
In base 12, what is 10 + -3a5?
-395
In base 16, what is -3 + 137?
134
In base 5, what is 2 - -14?
21
In base 13, what is -6 - -74?
6b
In base 10, what is 13712 - -3?
13715
In base 5, what is 0 + 24?
24
In base 3, what is -1020121 + 1?
-1020120
In base 9, what is 2 + -1778?
-1776
In base 13, what is ca - -3?
100
In base 5, what is -14 - -2114?
2100
In base 10, what is 0 - -343?
343
In base 8, what is 3766 + -5?
3761
In base 3, what is 211 + -2012?
-1101
In base 11, what is -1 + -3a4a?
-3a50
In base 14, what is -6 - 17?
-1d
In base 7, what is 411 + 2?
413
In base 13, what is -1 - -a1a?
a19
In base 11, what is -6 + 41?
36
In base 14, what is 1 - -90b?
90c
In base 7, what is 466 + -2?
464
In base 16, what is 1 - c4?
-c3
In base 5, what is 43 + -24?
14
In base 14, what is 2172 + 5?
2177
In base 8, what is 62 + 1?
63
In base 13, what is -a4 + 95?
-c
In base 8, what is 27326 - -2?
27330
In base 10, what is 3 - -118?
121
In base 11, what is 139 - -16?
154
In base 11, what is -438 - -1?
-437
In base 6, what is -412 - -211?
-201
In base 16, what is -3 - 46?
-49
In base 15, what is b - -5?
11
In base 8, what is 2 + -503?
-501
In base 2, what is 1010101 - 100?
1010001
In base 9, what is -15070 - 0?
-15070
In base 2, what is -11010110 + 11?
-11010011
In base 3, what is -11122 - 2?
-11201
In base 2, what is -1 + -1101110010000?
-1101110010001
In base 11, what is 16 - 3?
13
In base 7, what is -23415 + 2?
-23413
In base 5, what is 3 - 103002?
-102444
In base 14, what is 6 - -7d?
85
In base 5, what is -2 + 3401?
3344
In base 11, what is 139 - 1a?
11a
In base 10, what is 290 + 7?
297
In base 14, what is -d6 - 1?
-d7
In base 3, what is 21 - -12100?
12121
In base 10, what is -235 - 1?
-236
In base 6, what is -2525 + 1?
-2524
In base 6, what is 0 + -103?
-103
In base 2, what is -1 - -10100001?
10100000
In base 10, what is -13 - -54?
41
In base 4, what is -33333 - -11?
-33322
In base 10, what is 37 + -3?
34
In base 8, what is 13 - -2752?
2765
In base 6, what is -55 + 11?
-44
In base 14, what is -63 + 3?
-60
In base 4, what is 11011 + -102?
10303
In base 15, what is 6 + b0?
b6
In base 15, what is -5 - 6b?
-71
In base 8, what is 11 - -10?
21
In base 5, what is -213 - 4?
-222
In base 8, what is -1 + 146?
145
In base 2, what is -10 - 100011010?
-100011100
In base 8, what is -12 - 410?
-422
In base 15, what is -b + 17?
b
In base 3, what is -12 + -1012?
-1101
In base 12, what is -3 - -148?
145
In base 5, what is -4 + 2?
-2
In base 14, what is -5 + -60?
-65
In base 4, what is 30 + 303?
333
In base 4, what is 10 - -2112?
2122
In base 4, what is -2 + -102?
-110
In base 11, what is 3443 + -1?
3442
In base 2, what is -100001 - 100?
-100101
In base 14, what is -c2 - 5?
-c7
In base 11, what is 46 + -5?
41
In base 4, what is -11121 + 11?
-11110
In base 6, what is -22 - -13?
-5
In base 15, what is 2 - 5b9?
-5b7
In base 4, what is 100 + -1031?
-331
In base 14, what is 81 - 2?
7d
In base 9, what is -101 + 1?
-100
In base 14, what is 103 + -5?
dc
In base 10, what is 5 - 75?
-70
In base 14, what is -940 - 4?
-944
In base 4, what is 11122 - 11?
11111
In base 9, what is 2 - 8425?
-8423
In base 2, what is 10 + 10111011110?
10111100000
In base 12, what is 2 - -50?
52
In base 7, what is 33 + 0?
33
In base 14, what is 12 + -56?
-44
In base 8, what is 17765 + -2?
17763
In base 2, what is -1110010000101 - 100?
-1110010001001
In base 5, what is -4 + 402?
343
In base 10, what is 406 - 0?
406
In base 15, what is -1d4 - -1?
-1d3
In base 7, what is 40141 + 1?
40142
In base 16, what is 0 + f55?
f55
In base 10, what is 25 - 53?
-28
In base 9, what is 6 - 1807?
-1801
In base 10, what is 189 + 2?
191
In base 2, what is -101010001 + 11?
-101001110
In base 4, what is 2 + 12301?
12303
In base 13, what is 42 - -4?
46
In base 13, what is 8 - -4?
c
In base 2, what is -1000011 + 11?
-1000000
In base 3, what is 2 + 10200100?
10200102
In base 12, what is 86 - -9?
93
In base 3, what is -12211 - 121?
-20102
In base 10, what is 2 + 3014?
3016
In base 9, what is 7 + 140?
147
In base 7, what is -3 + 110?
104
In base 4, what is -2113 - -30?
-2023
In base 14, what is -6 + 2995?
298d
In base 15, what is 2 - -11?
13
In base 13, what is 1 - -250?
251
In base 7, what is -416 + 20?
-366
In base 7, what is -232 + 5?
-224
In base 3, what is -1221210 - 0?
-1221210
In base 5, what is 1 + 210?
211
In base 2, what is -10001 - -1001?
-1000
In base 10, what is 9 - -29?
38
In base 2, what is -110011100 - -10000?
-110001100
In base 16, what is -2 + -58?
-5a
In base 8, what is 110 - 0?
110
In base 16, what is -44f - -3?
-44c
In base 8, what is -60465 + 4?
-60461
In base 12, what is -154 + -3?
-157
In base 14, what is -7 + 0?
-7
In base 8, what is 1044 - -1?
1045
In base 3, what is 10121 + -10122?
-1
In base 5, what is -2010043 + -3?
-2010101
In base 5, what is -11002 - 10?
-11012
In base 11, what is -3 - 3?
-6
In base 3, what is 100012022 - 0?
100012022
In base 3, what is 2 + -121?
-112
In base 3, what is 1201 - 121?
1010
In base 13, what is 5 + 32?
37
In base 10, what is 50 + 176?
226
In base 2, what is 1011010010 - 101?
1011001101
In base 8, what is -4 - 44?
-50
In base 14, what is 6 - -1?
7
In base 3, what is -20 - 10120?
-10210
In base 2, what is -10000010 - 1000011?
-11000101
In base 6, what is -25155 - -2?
-25153
In base 5, what is -4311 - -4?
-4302
In base 7, what is 416 + 1?
420
In base 15, what is 6 + -38d?
-387
In base 2, what is 110011000 + -1?
110010111
In base 13, what is 13 + -4?
c
In base 3, what is -2001 - -10?
-1221
In base 14, what is d3 - 3?
d0
In base 16, what is -10 + -3?
-13
In base 12, what is 133 + 8?
13b
In base 3, what is -1002 - 102020?
-110022
In base 8, what is 37 - 703?
-644
In base 7, what is 206 + 23?
232
In base 5, what is -12 - 3100?
-3112
In base 10, what is 0 - 1191?
-1191
In base 16, what is -43 - 0?
-43
In base 9, what is 10 + -323?
-313
In base 9, what is -2 - -11?
8
In base 3, what is -11021211 - 11?
-11021222
In base 11, what is -278 - -4?
-274
In base 9, what is 410 + 5?
415
In base 9, what is 1355 - -4?
1360
In base 15, what is 4 + -2d?
-29
In base 9, what is -57 - -13?
-44
In base 13, what is 4 - 697?
-693
In base 8, what is 32 + 2?
34
In base 10, what is -6 - 5?
-11
In base 11, what is 2 + -5?
-3
In base 12, what is 2aa - 8?
2a2
In base 3, what is -200 - -11200?
11000
In base 2, what is 101111 + 10?
110001
In base 12, what is 0 - -830?
830
In base 15, what is -1a36 + 4?
-1a32
In base 2, what is 10 + 1010100011?
1010100101
In base 11, what is 107 - 41?
76
In base 7, what is 3 - -220?
223
In base 11, what is -298 - 0?
-298
In base 8, what is -4132 - -3?
-4127
In base 16, what is 2 - -93?
95
In base 15, what is -1 + 63?
62
In base 8, what is 0 - 42?
-42
In base 12, what is -212 - -8?
-206
In base 7, what is -214 - 35?
-252
In base 3, what is 201002 - 1?
201001
In base 9, what is 184 + 2?
186
In base 12, what is 4a2 - -40?
522
In base 12, what is -4 - -147?
143
In base 13, what is 75 + -2a?
48
In base 5, what is 40 + 1?
41
In base 16, what is -1f15 - -1?
-1f14
In base 8, what is -1000 - 1?
-1001
In base 11, what is 2469 + -2?
2467
In base 16, what is 6c8 - -4?
6cc
In base 11, what is 0 + 22?
22
In base 2, what is -100001 - 10?
-100011
In base 3, what is -22 - -12212?
12120
In base 7, what is -261 +